 is the remainder when l is divided by a?
0
Let u(z) = 132*z - 908. Calculate the remainder when 1391 is divided by u(7).
15
Suppose 0 = -3*h + 31 + 14. Let b = 39 - h. What is the remainder when b is divided by 9 + (2 - 2) + 0?
6
Let m = -108 + 143. Let w(a) = -a**2 - 9*a + 1. What is the remainder when m is divided by w(-8)?
8
Let s = -3 + 5. Let b = -18 - -26. Suppose 7*d - b*d = -5. Calculate the remainder when d is divided by s.
1
What is the remainder when 4/30 - 1839/(-45) is divided by 2?
1
Suppose 8*z + 12 = 12*z. Suppose -3 = -g - 2*u, -z*u + 0*u = 0. What is the remainder when (-9 + g)*(-70)/6 is divided by 18?
16
Suppose -3*j = -2*s, 0*s = 3*j + 2*s. Let c = 9 - j. Suppose -3*b = 2*z - 15, 0*z + 20 = 4*b + z. What is the remainder when c is divided by b?
4
Let s be (-4)/20 - 2492/(-10). Let g = -91 + s. Suppose 4*d + g = 3*o + 2*o, -4*d = -3*o + 90. Calculate the remainder when o is divided by 9.
7
Let n(r) = -3*r + 94. Calculate the remainder when 184 is divided by n(19).
36
Suppose -2*x + 3*x + 8 = 0. Suppose -3*y = -2*y + 117. What is the remainder when 17 is divided by (-2)/x - y/12?
7
Suppose 0 = 40*u - 21*u - 1653. Suppose -5*j - 4*f + 75 = 0, 5*f + 39 = -4*j + 108. What is the remainder when u is divided by j?
10
Suppose -121*x + 68*x = -69*x + 2192. Suppose 0 = 3*z - f - 366, -3*z + 5*f + 156 = -210. Let w = z - 87. What is the remainder when x is divided by w?
32
Let u(a) = -a - 4. Let d be u(-7). Suppose -5*q + 3 = -2, d*n - 47 = q. Calculate the remainder when -4 - -56 - 77/11 is divided by n.
13
Suppose 723*b = 726*b - 114. Calculate the remainder when b is divided by 5.
3
Let j be (2 + 39/(-6))*-8. Suppose -3*k + 0*k = -j. Suppose -k = i - 41. Calculate the remainder when i is divided by 10.
9
Let l(x) = 163*x**3 + 3*x**2 - 2*x. Let t be l(1). Suppose 4*r + t = 712. Calculate the remainder when r is divided by 14.
11
Let s(r) = 2*r**2 - 15*r + 13. Calculate the remainder when s(7) is divided by 3.
0
Let m = -34 + 77. Let b = -33 + m. Calculate the remainder when 28 is divided by b.
8
Suppose -10*f = -9*f + 3*y, 2*f + y = 25. Calculate the remainder when 26 is divided by f.
11
Let l(c) = 2*c**3 + 50*c**2 - 3*c - 35. Calculate the remainder when l(-25) is divided by -10*(-4 - -3) - 3.
5
Let z = -183 - -205. What is the remainder when 149 is divided by z?
17
Suppose 4*n = -17 - 3. Suppose 3*x - 47*q - 8 = -52*q, 20 = 4*x + 2*q. What is the remainder when 8/20 - 53/n is divided by x?
5
Let r(u) = 2*u**2 - 50*u + 71. What is the remainder when (-3)/(-15) - 898/(-10) is divided by r(24)?
21
Let k = 762 - 471. What is the remainder when k is divided by 4?
3
Suppose 3*m - 140 = -m. Let g(h) = -h**3 - 56*h**2 - 108*h + 66. What is the remainder when g(-54) is divided by m?
31
Let h = 82 + -81. Calculate the remainder when 32 is divided by 14/(4/4) + h + -4.
10
Suppose 3*p + 0*p - 492 = -i, -3*p = -i - 498. Let y = -90 + p. Suppose 76 = 5*j + 2*n - 9, -n = 4*j - 71. Calculate the remainder when y is divided by j.
18
Suppose s - 52 = 5*s. Let o = 26 + s. Let p = 22 - -27. What is the remainder when p is divided by o?
10
Let q(y) = -24*y**3 + 2*y**2 - 1. Suppose z + 3*l + 0*l - 8 = 0, -l = 3*z. What is the remainder when q(z) is divided by 7?
4
Let h be ((-26)/(-4) - 2)*(-52)/39. Calculate the remainder when 17 is divided by 65/7 - -8*h/168.
8
Suppose 3*v = -16*q + 15*q + 75, 4*v - q = 100. Calculate the remainder when v is divided by 5.
0
Let t = 8 - 11. Suppose -3*p = -51 - 36. What is the remainder when p is divided by 1 - t*(4 - 1)?
9
Let v = 27 + -25. Let m = 7 - v. Calculate the remainder when 5 is divided by m.
0
Let f(n) = -n**2 + 8*n + 2. Let v be -1 + (-6)/(-5) + 78/10. Calculate the remainder when ((-12)/(-15))/(4/30) is divided by f(v).
0
Let w = -46 + 58. What is the remainder when 98 is divided by ((-2)/3)/(w/(-306))?
13
Let i(d) = 9*d**2 + 350*d + 6. Suppose -4*b = -2*g - 51 + 11, g + 28 = 3*b. What is the remainder when i(-39) is divided by b?
5
Let y be (510/(-20))/((-6)/(-8)). Let o = 74 - -1. Let w = o + y. What is the remainder when w is divided by 11?
8
Suppose -i - 4 = -n - 45, 17 = i + 5*n. Calculate the remainder when 283 is divided by i.
24
Suppose -894 - 185 = -102*j + 1267. Calculate the remainder when j is divided by 8 - (0 + -1) - 0.
5
Let s = 601 - 541. Calculate the remainder when 179 is divided by s.
59
Let f = 723 + 259. What is the remainder when f is divided by 17?
13
Let w(d) = -2*d - 3*d + 2 - d. Let r be w(-4). What is the remainder when 2405/r*(-8)/(-10) is divided by 25?
24
Let i(s) = 228*s - 131. What is the remainder when i(3) is divided by 62?
57
Suppose 3*m + 11 = -l + 92, -2*l = -3*m + 72. Suppose 182 - m = 3*o. Suppose q + 0 = -5*x + 8, -4*q + 62 = 5*x. Calculate the remainder when o is divided by q.
16
Let f(o) = 31*o - 77. Calculate the remainder when f(9) is divided by 32.
10
Suppose 2*w - 21 = -3*h - 1, 4*w - 30 = -h. Suppose 348 - 26 = w*l. What is the remainder when l is divided by 8?
6
Suppose -3*m = 2*m - 250. Let i = -95 + 77. Calculate the remainder when m is divided by (-2)/(-6) - 228/i.
11
Let k be (-38)/(-3)*(0 + (-6)/(-4)). Let u(w) = w - 16. What is the remainder when u(k) is divided by 3?
0
Suppose 3*u + 43 - 16 = 0. Let w(h) = -h**2 - 8*h + 24. What is the remainder when 67 is divided by w(u)?
7
Let i = -81 - -85. Suppose 4*k = 0, -8*u + i*k + 488 = -4*u. What is the remainder when u is divided by 14?
10
Suppose -24 + 120 = 3*h. Suppose -75 = 7*o - 740. Calculate the remainder when o is divided by h.
31
Let p = -1504 + 2096. What is the remainder when p is divided by 35?
32
Suppose -2*z + 142 - 58 = 0. Suppose b - 2*q + 0*q - 17 = 0, -3*b + 3*q = -z. Calculate the remainder when 109 is divided by b.
10
Let s(m) = 68*m**3 + 2*m**2 - m. Let v(t) = -6*t - 28. Calculate the remainder when s(1) is divided by v(-7).
13
Suppose -3*u + 175 = 2*u. Calculate the remainder when u is divided by (19 - 4) + (0 - -4).
16
Let a = -1 - -9. Suppose 168 = -5*k + a*k. Calculate the remainder when k is divided by 20.
16
Let v = -1706 + 1767. Calculate the remainder when 486 is divided by v.
59
Suppose p + 3*t = -6, -5*p + t + 6 = -12. Suppose p*u = 5*f + 25 + 4, 0 = -5*f - 5. Suppose 3*x - 13 = 50. What is the remainder when x is divided by u?
5
Calculate the remainder when 23 is divided by (7 - 282/(-30)) + (-6)/(-10).
6
Let m = -186 - -297. Suppose -12*z + 3145 = -30*z + 3649. What is the remainder when m is divided by z?
27
Let i(y) = -y**3 + 6*y**2 + y + 1. What is the remainder when 649 is divided by i(3)?
29
Let j(y) = -y**3 + 16*y**2 + 55. Let x be j(16). Let f = -36 + x. Suppose 4*h - 319 = -103. Calculate the remainder when h is divided by f.
16
Suppose -9*t + 5*t = -3*l + 100, -4*l - 3*t = -100. Calculate the remainder when 81 is divided by l.
25
Let l(p) = -p**3 + 3*p**2 - 2*p + 10. Let j be l(3). What is the remainder when 246/j + 5/((-20)/6) is divided by 31?
29
Suppose 135 = 16*r - 11*r. Let c = 143 - r. What is the remainder when c is divided by 15?
11
Suppose -k - 3*i = k - 42, -i = -5*k + 88. Let d be 55 - (k/(-3))/3. Suppose -d = -0*q - q. Calculate the remainder when q is divided by 29.
28
Suppose -y - 7 = -4, 3*p - 426 = -4*y. Let w = 57 + -19. What is the remainder when p is divided by w?
32
Let x(v) = v**2 + 7*v + 4. Let y be -4*(4/(-3))/((-6)/9). Let h = 84 - 50. Calculate the remainder when h is divided by x(y).
10
Suppose 5*k - i = 155, -4*k + 5*i + 71 = -k. Let z = 594 + -583. Calculate the remainder when k is divided by z.
10
Let h(o) = 3*o**2 + 21*o + 82. Calculate the remainder when h(-6) is divided by 22.
20
Suppose -3*k + 18 = -3*i, 3*i + 3 = -0. Suppose -5*s - 2*q = -0*q - 121, -3*q = -k*s + 131. What is the remainder when s is divided by 7?
4
Let l(g) = -37*g - 161. What is the remainder when l(-14) is divided by 18?
15
Calculate the remainder when 791 is divided by -1 + 300/8 + (-2)/4.
35
Suppose 4*m = -1 - 19, -3*m = -4*q - 201. Let f = q - -69. Calculate the remainder when f is divided by 3.
0
What is the remainder when 45 is divided by (-393)/(-21) + (7 - (-282)/(-42))?
7
Let o be 18*(-3)/18*-4. Calculate the remainder when 51 is divided by o/(-54) - 119/(-9).
12
Let w(p) = -p**2 + 11*p + 1. Let m(f) = -f**2 + 5*f + 14. Let x be m(6). Calculate the